{"id":33,"date":"2024-03-11T08:44:46","date_gmt":"2024-03-11T11:44:46","guid":{"rendered":"https:\/\/napoletamoov.com.br\/?page_id=33"},"modified":"2024-03-11T15:18:42","modified_gmt":"2024-03-11T18:18:42","slug":"sobre","status":"publish","type":"page","link":"https:\/\/napoletamoov.com.br\/?page_id=33","title":{"rendered":"Sobre"},"content":{"rendered":"\n<p>Bem-vindo ao Napoleta Moov, onde a paix\u00e3o pelo a\u00e7a\u00ed e paletas de qualidade encontra a mobilidade da inova\u00e7\u00e3o!<\/p>\n\n\n\n<p>Somos mais do que apenas um quiosque m\u00f3vel &#8211; somos uma experi\u00eancia gastron\u00f4mica sobre rodas, prontos para encantar os paladares mais exigentes em eventos, feiras, festivais e locais de grande circula\u00e7\u00e3o.<\/p>\n\n\n\n<p>No Napoleta Moov, estamos comprometidos em oferecer produtos de alta qualidade e servi\u00e7o excepcional em todos os momentos.<\/p>\n\n\n\n<p>Nossos a\u00e7a\u00eds e paletas gourmet s\u00e3o cuidadosamente selecionados e preparados para garantir uma explos\u00e3o de sabor em cada mordida.<\/p>\n\n\n\n<p>Com uma variedade de op\u00e7\u00f5es deliciosas e refrescantes, estamos aqui para satisfazer seus desejos por uma sobremesa deliciosa e nutritiva.<\/p>\n\n\n\n<p>Nossa equipe \u00e9 apaixonada por criar experi\u00eancias memor\u00e1veis para nossos clientes.<\/p>\n\n\n\n<p>Estamos sempre prontos para surpreender e encantar, levando nossa dedica\u00e7\u00e3o \u00e0 excel\u00eancia para cada intera\u00e7\u00e3o.<\/p>\n\n\n\n<p>Obrigado por escolher o Napoleta Moov.<\/p>\n\n\n\n<p>Estamos animados para servi-lo(a) em seu pr\u00f3ximo evento!<\/p>\n","protected":false},"excerpt":{"rendered":"<p>Bem-vindo ao Napoleta Moov, onde a paix\u00e3o pelo a\u00e7a\u00ed e paletas de qualidade encontra a mobilidade da inova\u00e7\u00e3o! Somos mais do que apenas um quiosque m\u00f3vel &#8211; somos uma experi\u00eancia gastron\u00f4mica sobre rodas, prontos para encantar os paladares mais exigentes em eventos, feiras, festivais e locais de grande circula\u00e7\u00e3o. No Napoleta Moov, estamos comprometidos em [&hellip;]<\/p>\n","protected":false},"author":1,"featured_media":0,"parent":0,"menu_order":0,"comment_status":"closed","ping_status":"closed","template":"","meta":{"footnotes":""},"tags":[],"_links":{"self":[{"href":"https:\/\/napoletamoov.com.br\/index.php?rest_route=\/wp\/v2\/pages\/33"}],"collection":[{"href":"https:\/\/napoletamoov.com.br\/index.php?rest_route=\/wp\/v2\/pages"}],"about":[{"href":"https:\/\/napoletamoov.com.br\/index.php?rest_route=\/wp\/v2\/types\/page"}],"author":[{"embeddable":true,"href":"https:\/\/napoletamoov.com.br\/index.php?rest_route=\/wp\/v2\/users\/1"}],"replies":[{"embeddable":true,"href":"https:\/\/napoletamoov.com.br\/index.php?rest_route=%2Fwp%2Fv2%2Fcomments&post=33"}],"version-history":[{"count":4,"href":"https:\/\/napoletamoov.com.br\/index.php?rest_route=\/wp\/v2\/pages\/33\/revisions"}],"predecessor-version":[{"id":70,"href":"https:\/\/napoletamoov.com.br\/index.php?rest_route=\/wp\/v2\/pages\/33\/revisions\/70"}],"wp:attachment":[{"href":"https:\/\/napoletamoov.com.br\/index.php?rest_route=%2Fwp%2Fv2%2Fmedia&parent=33"}],"wp:term":[{"taxonomy":"post_tag","embeddable":true,"href":"https:\/\/napoletamoov.com.br\/index.php?rest_route=%2Fwp%2Fv2%2Ftags&post=33"}],"curies":[{"name":"wp","href":"https:\/\/api.w.org\/{rel}","templated":true}]}}